- (-5)/(-3))/(r/344526) a composite number?
True
Suppose 0 = -d - 3, -2*j - d = 4*d - 44363. Is j composite?
False
Let x = -3 + 4. Let b be 40/10 - 1/x. Suppose 4*i + 2*q - 3012 = 0, -b*i - 5*q - 3735 = -8*i. Is i prime?
True
Let r(l) = -17*l**3 + 40*l**2 + 31*l + 5. Is r(-9) a prime number?
True
Suppose 2*l - x + 651 = 26177, -3*l - x + 38289 = 0. Is l composite?
False
Let a = -687 - -901. Is a composite?
True
Suppose 6*w - 40 = -22. Suppose -w*a + 8*a = 14185. Is a a composite number?
False
Let f = -1 + -7. Let o be (f/(-6))/(1/3). Suppose x + o*j = 129, 3*j = -2*j - 5. Is x a composite number?
True
Suppose 0 = -16*n + 286571 + 119925. Is n prime?
False
Let b = -8 + 14. Let y(f) = -f**2 + 7*f - 5. Let a be y(5). Suppose a*h = b*h - 83. Is h a composite number?
False
Let v = 16 - 11. Suppose 11 + 9 = v*p. Suppose r = -p*r + 815. Is r a prime number?
True
Suppose 2*s + 8 = 0, -2*s + s = -3*o - 92. Let i = o + 39. Is i composite?
False
Let c(a) be the first derivative of -73*a**2/2 + 39*a - 41. Is c(-14) composite?
False
Let o(w) = 2018*w**2 - 4*w + 3. Is o(1) a prime number?
True
Let c be 19 + (3 + 13)/4. Suppose 0 = -z + 3*u + c, 0 = 3*u + 12. Is z a prime number?
True
Let a be (4635 - (-4)/2)/(-1). Let d = -3300 - a. Is d a prime number?
False
Suppose 0*p + j = 5*p - 17, p + 2*j - 10 = 0. Suppose 10*r - p*r = 708. Is r a composite number?
True
Suppose -1060*m - 1734273 = -1069*m. Is m a prime number?
True
Is ((-3)/(-9))/(8/41208) prime?
False
Suppose -57 = -3*y - 141. Is (-23457)/y + (-3)/(-12) a prime number?
False
Suppose -3*j + 1999 = 2*g, -j = -4*j + 3*g + 2004. Is j a prime number?
False
Let d(i) = -4*i**2 - 2. Let g be d(-1). Let x(v) = -49*v - 1. Is x(g) a composite number?
False
Let p(g) = g**3 + 2*g**2 + 2*g + 1. Let q be p(-1). Suppose q = 6*j - 2*j - 5276. Is j a composite number?
False
Let o(y) be the third derivative of 13*y**6/360 - y**5/60 + y**4/24 + y**3/6 + 2*y**2. Let k(f) be the first derivative of o(f). Is k(-2) composite?
True
Suppose -4*n + 3 - 8 = -3*v, 4*v + 3*n - 15 = 0. Is (-7)/(21/(-1446)) - v prime?
True
Is (37848/(-30) + -9)*-5 prime?
True
Let z = 5029 - 2882. Is z a composite number?
True
Let i(l) = -81*l - 170. Is i(-33) composite?
False
Let c(h) = -242*h - 7. Let w be c(-4). Suppose 226 = 3*z - 4*x - w, 789 = 2*z - 5*x. Is z a composite number?
False
Suppose -11 = -2*o - 1. Suppose o*r + 2 = -8. Is 4 + r + -2 + 85 prime?
False
Let w(o) = 155*o**2 - 2*o. Let t(z) = -z**3 + 4*z**2 + 5. Let b be t(4). Is w(b) a composite number?
True
Let n(g) be the first derivative of -3*g - 8 + 22*g**4 - 1/2*g**2 + 2/3*g**3. Is n(2) composite?
True
Let v = -7359 - -13174. Is v prime?
False
Suppose -3*s - 54 = 3*x, 3*s - 7*s - x = 72. Let v be (1 - 0) + s/6. Is (v*33)/(-10 - -8) a prime number?
False
Is (-2922144)/(-672) + (-8)/(-14) prime?
True
Suppose 0*l - 5*l + 4*z = -96055, 4*l + 3*z = 76813. Is l a composite number?
False
Let a = 5265 - 2864. Let c = 5381 - a. Suppose 5*r - c = r. Is r a composite number?
True
Suppose -2*g = -5*q - 323, -5*g + 791 = -0*q + 4*q. Is g a composite number?
True
Let n(m) = 91*m**2 - 9*m + 41. Is n(6) a prime number?
False
Suppose 4256 - 21570 = -22*t. Is t a composite number?
False
Suppose 0 = -4*b - l + 16, -2*l - 13 = -3*b + 2*b. Suppose -b*r = -2*r - 954. Suppose 0*c - 2*c = -r. Is c a prime number?
False
Let r(k) = k**2 - 2*k - 4. Let d be r(4). Let q(g) = 24*g. Let b be q(d). Suppose b - 18 = 2*y. Is y composite?
True
Let p(o) = 3*o - 1. Let y be p(1). Suppose -l + 1018 = -y*t, 94 = -2*t - l - 920. Let i = 1001 + t. Is i prime?
False
Let g be -4*(9/12 + 1). Is (g + 14 + -6)/((-1)/(-5939)) a prime number?
True
Let c(z) = 136*z**3 + 3*z**2 - 29*z + 77. Is c(5) prime?
False
Suppose -g = 11*g - 48. Is (g - (-1893)/6) + (-1)/2 composite?
True
Let j(c) = -c**3 + 14*c**2 + 14*c - 7. Let g be (-144)/(-30)*(-20)/(-8). Is j(g) a prime number?
True
Suppose -5*i + 16196 = 4*a - 6*i, -a + 3*i + 4049 = 0. Is a a prime number?
True
Let a = -4745 - -9726. Is a composite?
True
Let r be (2*1)/((-20)/(-30)). Let v be (r + -3)/1 + 2. Suppose -z - v*s = -2*z + 16, 0 = 3*z + 2*s - 88. Is z prime?
False
Let o(f) = 2*f**2 + 13*f + 31. Let b(i) = -3*i**2 - 12*i - 32. Let y(l) = 4*b(l) + 5*o(l). Let g(d) = d. Let u(n) = 6*g(n) - y(n). Is u(-6) composite?
True
Suppose 39 = n + v, -2*v = n + 31 - 73. Let h = n + 10. Is h prime?
False
Let k be 30/(-70) - (-1982)/(-14). Let w be -1 - ((k - 3) + 2). Suppose -2*y + w + 12 = 0. Is y a composite number?
True
Let s(u) = -u**2 - 10*u - 6. Let g = 0 + -9. Let f be -1 - 7 - g/3. Is s(f) a prime number?
True
Is (507591/294)/((-6)/(-20)) a prime number?
False
Suppose 5*w = 5*k - 16 + 1, -8 = 4*k + w. Is (-17502)/(-26) + (-2)/(-13)*k composite?
False
Let h = -33 - -41. Suppose -7*l - 3067 = -h*l. Is l composite?
False
Suppose g + 67742 = 5*u, 24320 = 2*u + 4*g - 2790. Is u a composite number?
True
Let t be 4/3*(-45)/(-6). Suppose 8 = 2*z - t. Let v(q) = 3*q - 12. Is v(z) a prime number?
False
Suppose -1 = -5*l + 3*t - 0, 2*t = -l + 8. Suppose 0 = -l*r + 12. Let a(v) = v**3 + v**2 + 5*v + 5. Is a(r) composite?
True
Let z(n) = 2*n - 19. Let t be z(11). Suppose -745 = -2*m - 3*m + 2*x, -3*m = -t*x - 456. Suppose -3*r + m + 54 = 0. Is r prime?
True
Suppose 16*k + 41868 = 19*k + 3*y, k - 13931 = 4*y. Is k a prime number?
False
Is (-676)/2366 - -507019*(-1)/(-7) prime?
True
Suppose 26*o + 20 = 30*o. Suppose 128 = -2*n + 5*z + 1508, 0 = -5*n + o*z + 3435. Is n a composite number?
True
Suppose 4 = 4*z - 3*l + 7, l + 1 = 2*z. Suppose -2*f + 4*b + 334 - 24 = 0, z*f = -5*b + 509. Is f composite?
False
Is (5 - 228361/(-21))*(-15)/(-10) composite?
False
Let p(q) = 8 - 6*q + 16*q - 3. Is p(8) composite?
True
Let j(d) = -d - 12. Let x be j(-10). Let o(s) = -6*s - 4. Let q be o(x). Suppose -v + 22 = -5*a, -q*v - 2*a + 29 = -3*v. Is v composite?
False
Suppose -4*c = -5*c + d + 18, 3*d - 26 = -c. Suppose 7*g - 5*i - c = 2*g, 22 = 5*g - 4*i. Suppose 4*w - 3512 = 2*u, -g*w + 2*u + 4391 = -w. Is w prime?
False
Suppose 3*m - 12 = -0*m. Let c(n) = 0*n + m*n**2 - 5 + 6*n**2 + n - n**3. Is c(9) composite?
True
Is 138/92*4124/3 a composite number?
True
Let a(v) = -v**3 + 25*v**2 + 28*v - 11. Is a(14) prime?
False
Suppose -7*d + 1785 = -2*d. Suppose 2*n + d = 1079. Is n composite?
True
Is 247422/34 - -14*6/(-714) composite?
True
Let s(m) be the second derivative of m**3 - m**2/2 - m. Let l = 28 + -19. Is s(l) a prime number?
True
Suppose d + 2 = 10. Is 17770/d - 4/16 a prime number?
True
Suppose -a + 22 = 4*v - 3*a, 0 = 2*v + 3*a + 1. Suppose 0 = -t + 2*t - v. Is 1581/t + 4/(-16) prime?
False
Suppose -6*a - 5*t = -a - 89290, -25 = 5*t. Is a prime?
True
Let i = 21 - 21. Suppose i = 4*f - 5*c - 799, -c = 5*f - 1118 + 112. Is f composite?
True
Suppose 13*l = 3*i + 8*l - 1499, 0 = -3*i + 2*l + 1505. Is i a prime number?
True
Let c be 4/(-6) + (-92)/(-12). Suppose c + 5 = 2*d. Suppose 0*w = d*w - 522. Is w composite?
True
Let n(u) = 288*u + 205. Is n(7) a prime number?
True
Let c(a) be the third derivative of a**4/24 - 7*a**3/3 + 8*a**2. Let l be c(11). Is (l - -3 - -1) + 96 composite?
False
Let w be (-4)/6 - (-372)/18. Let h be w/30 + (-4)/(-3). Suppose -2*x - 706 = -2*t + h*x, -5*t + x = -1738. Is t prime?
True
Is (-22475464)/(-174) - 1/3 composite?
False
Let s(o) = 13*o**2 - o + 2. Let k be s(2). Suppose c + 3*c = k. Let w = 42 + c. Is w composite?
True
Suppose 6761 = 2*g - 5*d - 20127, 3*g - 40307 = -5*d. Is g prime?
False
Suppose -73*g + 72*g + 1563 = 0. Is g prime?
False
Suppose m = -3*r - 55, -10*m + 11*m = 5. Is (2 + 285/4)/(r/(-80)) a prime number?
True
Let f = 337 - -110. Let c = f - -830. Is c composite?
False
Let g be 3882/4*7/42*-4. Let q = 272 - g. Is q composite?
False
Let s be 6*(-1 - -1 - 1). Let t be (2259/s)/(3/(-6)). Suppose p + 2*p - t = 0. Is p a composite number?
False
Let h = 43 - 40. Suppose -h*o + 1046 = 2*i - o, 3*o = 6. Is i prime?
True
Suppose -205 = -4*y + 895. Let l = -132 + y. Is l composite?
True
Suppose s = -s + 6. Suppose -4*j - 4*z + 96 = 0, -4*j + s*z + 48 = -j. Suppose 0 = -0*t + t - 3*y - 242, -5*y + j = 0. Is t a prime number?
False
Let a = -4549 - -33884. Is a composite?
True
Suppose 3*w + 2*m - 6137 = 0, 5*m - 5111 = -2*w - 1027. Is w composite?
True
Let k = 42946